23
Let y = 27913 - 19868. List the prime factors of y.
5, 1609
Suppose 2*a - o - 4*o - 2575 = 0, -5*a - 2*o + 6452 = 0. What are the prime factors of (a/18 + 6)*3?
233
What are the prime factors of 1020/(-765)*(-8511)/24*42?
7, 2837
Let h be -41 - (-2)/((-2)/(-2)). Suppose -212*r + 3014 = -190*r. Let a = h + r. What are the prime factors of a?
2, 7
Suppose -u = 2*d - 92174, -u - 46081 = 53*d - 54*d. What are the prime factors of d?
5, 13, 709
Let n(o) = 454*o - 12482. List the prime factors of n(152).
2, 3, 9421
Suppose 20 = 9*z + 11. What are the prime factors of (-11 + (-304)/(-24))/(z/495)?
3, 5, 11
Let s(o) be the first derivative of 657*o**2/2 + 100*o - 108. List the prime factors of s(2).
2, 7, 101
Let u(h) = 23*h + 240. Suppose -9*i = -16*i. List the prime factors of u(i).
2, 3, 5
Suppose 11 + 25 = -4*s. Let q be (1 - 17)/(-4) - s. Suppose q*h - 10*h - 63 = 0. List the prime factors of h.
3, 7
Let n(c) = c**2 - 4*c - 1. Let v be n(5). Suppose -v + 8 = o. Let b(x) = -11*x + 48. What are the prime factors of b(o)?
2
Let c be (-4364)/14 - (-5 - (-111)/21). Let u = c - -597. List the prime factors of u.
3, 5, 19
Suppose -37*u + 21920 = -29*u. Suppose 15*y - 9785 = u. What are the prime factors of y?
5, 167
Let k(t) = -59*t**3 - 7*t**2 + 45. What are the prime factors of k(-4)?
3709
Suppose -122 = -4*h - 2*u, 3*h + h = -u + 119. Let r(f) = f**3 - 28*f**2 - 7*f - 45. List the prime factors of r(h).
593
Let i be ((-8)/(-10))/((-219)/75 - -3). Suppose -i*x + 8*x + 530 = 0. What are the prime factors of x?
5, 53
List the prime factors of 13443 + (-4 - (-24)/16)*(-6)/5.
2, 3, 83
Let f = 51 + -21. Let p be 5 + (-3894)/121 + 2/11. Let v = f + p. List the prime factors of v.
3
Let c = -118 - -734. Suppose 4*g = -2*q + c, -6*q + 897 = -3*q - 3*g. What are the prime factors of q?
2, 151
Let x = -73 + 71. Let z be x/(((-7)/(-2))/7). List the prime factors of (22*(-3)/12)/(2/z).
11
Let b be -4*6/(-16)*-2 + 225. Let l be ((-6)/4 + -1)*b/(-185). Suppose 3*w + w = c + 36, 0 = -5*w - l*c + 62. List the prime factors of w.
2, 5
Let f(s) = 54*s + 10. Let o be f(21). Suppose -2*a + 13*a = o. Let c = a - -12. What are the prime factors of c?
2, 29
Suppose -3*g + 38 = 176. List the prime factors of (2 - 1708)*23/g.
853
Let k(p) = p**3 - 26*p**2 + 45*p - 6. Let h be k(23). Let m = h + 943. What are the prime factors of m?
5, 7, 11
Let s = 102 + -102. Suppose 2*c = 3*p + 535, s = 3*c - 6*p + p - 803. What are the prime factors of c?
2, 7, 19
Suppose -2*x = 36*x - 124222. What are the prime factors of x?
7, 467
Let c = 19822 + -5901. What are the prime factors of c?
13921
Suppose -2*o = -o + 2*v - 6, 4*o - 44 = -4*v. Suppose 20*l - o*l - 1308 = 0. What are the prime factors of l?
3, 109
Let v(k) = k**3 - 7*k**2 + 12*k - 4. Let q be v(4). Suppose 4 = -o - 0. List the prime factors of 26 + (o - 8/q).
2, 3
Suppose 0 = -5*w + 3*s + 3940, -5*w = -s - 5624 + 1674. Suppose 2*t = 3*t - j - 197, 0 = 4*t - 5*j - w. List the prime factors of (2/(-4))/(1 + (-195)/t).
97
Suppose 4*o - 811490 = 5*x, 6*x - 7*x = o + 162307. List the prime factors of (-14)/161 - x/161.
2, 3, 7
Let w(y) = 4*y**3 - 5*y**2 - y + 20. Let s be w(8). Suppose 6*l - 2*l - 3*i - 1716 = 0, -3*i + s = 4*l. List the prime factors of l.
2, 3
Suppose 5*l = 4*p + 10, 3*p = 5*p - 2*l + 4. Suppose b - 22 = -5*f, -b - 3*b - 12 = p. Suppose -f*c - 9 + 29 = 0. What are the prime factors of c?
2
Suppose -7*y + 1696 = -3*y. Suppose -2*t - o + y = 3*o, -8 = -4*o. Suppose 23*d - t = 21*d. List the prime factors of d.
2, 13
Suppose h + 5 = 5*j + 12, -3*h + 34 = -2*j. Suppose -h*l = -8*l - 588. List the prime factors of l.
3, 7
List the prime factors of 103414/10 - 3528/(-2205).
10343
Let c(h) = h**3 - 4*h**2 + 2*h + 3. Let u be c(2). Let b be 3 + 0 + u + -52 + -2. Let o = b + 173. What are the prime factors of o?
11
Let v(j) = 162*j**3 + 17*j**2 - 65*j + 43. List the prime factors of v(3).
5, 7
Suppose -t = 5*t - 12. Suppose 2 = -t*s + 6, j = -5*s + 13. Suppose 4*q = -5*v + 935, -j*v = 5*q - 726 + 152. List the prime factors of v.
3, 61
Let c be (1/2)/(78/468). Suppose -2*g - 3894 = -3*s + 3*g, c*g = -s + 1312. What are the prime factors of s?
1303
Suppose s - 9 = 2*l + 5, -l = -2*s + 43. Let v = 82 - 47. Let p = v - s. What are the prime factors of p?
11
Let d(f) be the second derivative of -17*f + 0 + 14*f**2 + 13/6*f**3. What are the prime factors of d(4)?
2, 5
Let h be ((-4)/(-3))/(6/45). Suppose 65 = 17*t + 14. Suppose -t*s + 469 = 2*c - 2*s, 2*s - h = 0. List the prime factors of c.
2, 29
Suppose -3*b - 780 = 5*o, 2*o - 6*b = -5*b - 301. Let z = o + 312. List the prime factors of z.
3, 53
Let s(m) = -3*m - 23. Let v be s(-11). Let g(k) = 136*k + 84. List the prime factors of g(v).
2, 19
Let v(s) = 7*s**2 + 310*s - 187. List the prime factors of v(-56).
5, 881
Let v = -8 + -4. Let u = v + 414. What are the prime factors of u?
2, 3, 67
Let f be 112/14 + 915 - (6 - 1). Let p = f - 338. List the prime factors of p.
2, 5, 29
Let v(d) = -d + 5. Let s be v(3). Let a be (5 + -5)/(-1) + 2*s. List the prime factors of ((-1)/(-6)*-32)/(a/(-6)).
2
Let m be (-576)/80*(1 + 4). What are the prime factors of (145470/m)/(-13) - 2/(-12)?
311
Let c = 1442 + -649. Let d = c - -816. List the prime factors of d.
1609
Let p = 14 - 14. Suppose p = -u - 33 + 31. List the prime factors of (-164)/(-3 + (u - -3)).
2, 41
Suppose -5*a - 524 - 1441 = 0. Let k = 133 - a. What are the prime factors of k?
2, 263
Suppose -5*r = -7*r - 6. Let v(d) be the second derivative of d**4/3 + d**2 + d. List the prime factors of v(r).
2, 19
Let q(f) = -f**3 + 7*f**2 - 115*f + 271. List the prime factors of q(-24).
20887
Let n be -4 - (-172)/(-4) - 0. Let r = n + 50. What are the prime factors of ((-328)/(-1 - r))/2?
41
Suppose -218*h = -214*h + 1956. Let f = h + 505. What are the prime factors of f?
2
Let p(b) = 431*b + 1568. What are the prime factors of p(5)?
3, 17, 73
Let w be 30/(-6)*1 - 83. List the prime factors of 11/(w/(-40)) + 1076.
23, 47
What are the prime factors of (-3)/((-42)/4) - 1499304/(-2443)?
2, 307
Let w be 3095 - (0/1 + 14/(-14)). Suppose 5*n + w = 13*n. List the prime factors of n.
3, 43
Let u(p) be the third derivative of 19*p**6/120 - p**4/6 - p**3/2 - 85*p**2. List the prime factors of u(3).
2, 3, 83
Let s be (3/(-3))/(-2) + 12635/38. Let f = s - 320. List the prime factors of f.
13
Suppose 17*c - 297367 - 211681 = 0. What are the prime factors of c?
2, 19, 197
Let h(l) = l**3 + 31*l**2 + 12*l + 23. What are the prime factors of h(-20)?
47, 89
Suppose 5707 + 7913 = -12*n. List the prime factors of 15*(-4)/(-10) - n.
7, 163
Let p(s) = -6*s + 14. Let y be p(-3). Let a = -34 + y. List the prime factors of (-3 - 1) + 59 - a.
3, 19
Suppose 537 = -h - 3*h + 5*m, -3*h = 4*m + 395. Let z = h + 93. Let b = -36 - z. What are the prime factors of b?
2
Suppose -39*m + 56 = -25*m. Suppose c - m*v - 971 = 0, 5*c - c - v = 3899. What are the prime factors of c?
3, 5, 13
Let u(l) = l**2 - 2*l + 13. Let t = 151 + -97. Let d = -46 + t. List the prime factors of u(d).
61
Let d(x) = 379*x**3 - x**2 + 5. Let t(k) = 1136*k**3 - 3*k**2 + k + 16. Let m(s) = 7*d(s) - 2*t(s). List the prime factors of m(1).
3, 127
Let j(t) = 8*t + 94. Let v be j(-13). Let k(y) = -79*y - 134. What are the prime factors of k(v)?
2, 41
Suppose 131*j = -u + 130*j + 15478, -46430 = -3*u - 4*j. List the prime factors of u.
2, 7741
Suppose 3*k - 67704 = 5*n, -60*k + 56*k + 5*n + 90272 = 0. List the prime factors of k.
2, 7, 13, 31
Let m be 10*6*1/15. Suppose 2*a + 7 = -1, 96 = y - m*a. Suppose y = 3*o + 4*u - 2*u, 0 = -o - 4*u + 30. List the prime factors of o.
2, 13
Let k(i) = i**2 + 10*i - 3. Let t be k(-10). Let s be -4 - 314/3*t. Suppose 4*v - s - 102 = 0. List the prime factors of v.
103
Let o(l) = -9*l**2 - 51*l + 2. Let a(r) = 9*r**2 + 54*r - 2. Let d(n) = -3*a(n) - 4*o(n). List the prime factors of d(-13).
7, 139
Let g(y) = -1338 + y**2 + 2696 + y**2 - 23*y + 6*y**2 - 1307. What are the prime factors of g(13)?
2, 3, 23
Let h = -20699 - -30792. List the prime factors of h.
10093
Suppose 54 - 63 = -9*j. List the prime factors of (j/(-2))/(19156/3832 - 5).
479
Let m = 11541 - 11456. What are the prime factors of m?
5, 17
Suppose -2*u + 3*u + 2*k - 6 = 0, -k + 5 = 0. Let y = u